6, what is 1f8 + 4?
1fc
In base 6, what is -11 + 133?
122
In base 3, what is 1011 + -122?
112
In base 2, what is -110 - -10010101011?
10010100101
In base 15, what is -19 + 3?
-16
In base 12, what is -44ab - 1?
-44b0
In base 13, what is -18 - -2?
-16
In base 16, what is 0 + 2f4?
2f4
In base 12, what is 219 - -11?
22a
In base 13, what is 208 - -5?
210
In base 16, what is -6 + -b6?
-bc
In base 14, what is -188 + -6?
-190
In base 4, what is -1122 + 101?
-1021
In base 3, what is -1102 + 1?
-1101
In base 13, what is 0 - a2?
-a2
In base 15, what is 4 - 397?
-393
In base 15, what is 10 + 18?
28
In base 10, what is -2 + 16?
14
In base 4, what is -210 + -11?
-221
In base 8, what is 523 - 0?
523
In base 14, what is -3 + 20?
1b
In base 12, what is -1 + 24?
23
In base 3, what is 0 - -10111?
10111
In base 14, what is d9 + 3?
dc
In base 8, what is -272 + -53?
-345
In base 3, what is 11 + 21?
102
In base 13, what is 19 - 1b?
-2
In base 16, what is 30c - 0?
30c
In base 6, what is 20415 + 5?
20424
In base 3, what is -2 + 20021?
20012
In base 15, what is -1ed - 5?
-203
In base 12, what is -285 - -2?
-283
In base 8, what is -55 + -104?
-161
In base 12, what is 1 + 4?
5
In base 6, what is -343 - 10?
-353
In base 14, what is 1 + 51?
52
In base 14, what is 29 - 2?
27
In base 12, what is 378 + 2?
37a
In base 16, what is -c6 + -28?
-ee
In base 10, what is 210 - 106?
104
In base 15, what is -3 + -2?
-5
In base 2, what is -100 - -100011?
11111
In base 2, what is 0 + -10111001?
-10111001
In base 11, what is -335 + 5?
-330
In base 11, what is -20 - -166?
146
In base 10, what is 85 + 13?
98
In base 11, what is -4 + 17?
13
In base 10, what is 5 + 91?
96
In base 4, what is 3013 - -2?
3021
In base 16, what is -129 - 1?
-12a
In base 7, what is -12445 + -10?
-12455
In base 14, what is c - -2?
10
In base 10, what is 1092 + 2?
1094
In base 15, what is -9 - -1605?
15eb
In base 7, what is -220 + -46?
-266
In base 16, what is -6 - 98?
-9e
In base 11, what is -124 + -4?
-128
In base 11, what is -570 - -6?
-565
In base 2, what is 1110 - -110010010?
110100000
In base 8, what is -165 - 46?
-233
In base 16, what is 1 + -3a?
-39
In base 4, what is 113301 - 0?
113301
In base 7, what is -2 + 3534?
3532
In base 9, what is 2 - -28?
31
In base 16, what is 64 + 2?
66
In base 13, what is 906 + -5?
901
In base 4, what is 10 - -20112?
20122
In base 12, what is -1 - 94?
-95
In base 12, what is 103b + -5?
1036
In base 2, what is 1011 + -1000100?
-111001
In base 10, what is -5 - -242?
237
In base 10, what is 75 - 2?
73
In base 15, what is 0 + -275?
-275
In base 5, what is -1221 - 10?
-1231
In base 9, what is -4 + 23?
18
In base 16, what is -3a + -3d?
-77
In base 3, what is 11 + -22200?
-22112
In base 5, what is 2 - -14331?
14333
In base 15, what is 887 - -1?
888
In base 5, what is -2443 + -3?
-3001
In base 3, what is -10110 - 2121?
-20001
In base 11, what is -562 - 5?
-567
In base 3, what is -2001 - 10?
-2011
In base 13, what is 2 + -739?
-737
In base 14, what is ab - 9?
a2
In base 3, what is -20 - 211?
-1001
In base 16, what is -2 + -a8?
-aa
In base 6, what is 5 - -15?
24
In base 15, what is 1408 - -5?
140d
In base 2, what is -111000 - -100011001?
11100001
In base 11, what is 1 - -38?
39
In base 12, what is -303 + -5?
-308
In base 3, what is -1002122 + -1?
-1002200
In base 7, what is -30 + -3?
-33
In base 11, what is -5 + 1750?
1746
In base 13, what is 0 - -20?
20
In base 6, what is -50 + -2?
-52
In base 6, what is 0 + -3140?
-3140
In base 12, what is 1 - -2757?
2758
In base 6, what is 1 + 43555?
44000
In base 15, what is 9da + 5?
9e0
In base 5, what is -21 - -10020?
4444
In base 13, what is 1c + 4?
23
In base 3, what is -2000 - 1011?
-10011
In base 10, what is -12 - -3?
-9
In base 2, what is -1 + 110101010111?
110101010110
In base 3, what is 112 - 2?
110
In base 7, what is 14 - -23?
40
In base 7, what is -1 + -11363?
-11364
In base 14, what is 2 - 306?
-304
In base 5, what is 123 + -300?
-122
In base 3, what is -122212 - -21?
-122121
In base 12, what is 983 - -1?
984
In base 2, what is -10 + 1001011110?
1001011100
In base 11, what is a + -7?
3
In base 8, what is 4 + -74?
-70
In base 6, what is 5 + 1234?
1243
In base 11, what is -2 + -252?
-254
In base 16, what is -d2 - 9?
-db
In base 10, what is 1783 + 3?
1786
In base 6, what is 113 - -330?
443
In base 2, what is -11000 + 11000?
0
In base 4, what is -1121 + -1?
-1122
In base 8, what is 62 + 2?
64
In base 7, what is -5 - 42?
-50
In base 13, what is -7 + 24?
1a
In base 14, what is -2 + 95?
93
In base 14, what is -2 + 3a?
38
In base 4, what is 10 + -10022?
-10012
In base 10, what is -17 - -6?
-11
In base 10, what is -107 + 2?
-105
In base 14, what is -103 - 13?
-116
In base 9, what is 4443 + 3?
4446
In base 3, what is -2000 + 0?
-2000
In base 14, what is -5 - -458?
453
In base 16, what is -4f19 - 1?
-4f1a
In base 7, what is -1 - 35?
-36
In base 10, what is -38 - 9?
-47
In base 12, what is 0 + 191?
191
In base 14, what is -6 - 5c9?
-5d1
In base 11, what is 0 - -a?
a
In base 10, what is -5 + -452?
-457
In base 15, what is 33d - -1?
33e
In base 5, what is -32 + 212?
130
In base 14, what is 1c61 - -3?
1c64
In base 11, what is 7 + 33?
3a
In base 16, what is -13 - e9?
-fc
In base 5, what is -1210 + -22?
-1232
In base 4, what is 1130 - -31?
1221
In base 15, what is 5 + 24d?
253
In base 11, what is a - 2a?
-20
In base 11, what is -2 - 5a?
-61
In base 14, what is 62 - -9?
6b
In base 12, what is -2 - -4a?
48
In base 5, what is 300 - -2?
302
In base 7, what is -2 - -4?
2
In base 2, what is 101000101 + 10?
101000111
In base 11, what is -289 - 5?
-293
In base 16, what is -4 + -bd?
-c1
In base 15, what is -86 + 95?
e
In base 16, what is -15e - -33?
-12b
In base 11, what is 4 - -471?
475
In base 14, what is -310 + -4?
-314
In base 10, what is 74 - -85?
159
In base 13, what is 1 - 506?
-505
In base 9, what is 2306 + -5?
2301
In base 4, what is 2 + 1110?
1112
In base 16, what is -56 - -4?
-52
In base 4, what is 2103 + 23?
2132
In base 2, what is 10 + 111110?
1000000
In base 3, what is -111020 - -12?
-111001
In base 5, what is 1 + 3411?
3412
In base 13, what is 3 + 0?
3
In base 5, what is 10 - -3031?
3041
In base 10, what is 600 + -1?
599
In base 3, what is -2 + -2000112?
-2000121
In base 15, what is 1b - 18?
3
In base 8, what is -7 - 426?
-435
In base 5, what is 1 + 2213?
2214
In base 4, what is -10133023 + -10?
-10133033
In base 4, what is -11 + 323?
312
In base 5, what is -102 + -111?
-213
In base 3, what is 101122 + -11?
101111
In base 7, what is -6 + 213?
204
In base 10, what is -794 + -3?
-797
In base 11, what is 37 + -4?
33
In base 8, what is 37 + -6?
31
In base 16, what is 2 - 3?
-1
In base 6, what is -12 + -1205?
-1221
In base 7, what is 51 + 1?
52
In base 6, what is -223554 - -4?
-223550
In base 8, what is -36 + 4?
-32
In base 16, what is 4 - -6ad?
6b1
In base 2, what is 1110 + 100000?
101110
In base 4, what is -21 + 2?
-13
In base 13, what is -8 - 35?
-40
In base 6, what is -2145 - 12?
-2201
In base 10, what is -5 - 30?
-35
In base 13, what is 1 + -2a?
-29
In base 4, what is -3 - 12233?
-12302
In base 5, what is 114 + -120?
-1
In base 15, what is -9 + 9a?
91
In base 9, what is 5 - 27?
-22
In base 8, what is 75 - -2?
77
In base 6, what is -33 - 20?
-53
In base 6, what is -4003 + -12?
-4015
In base 4, what is -2 + 110100?
110032
In base 12, what is 61 - 12?
4b
In base 5, what is 4024 + 1?
4030
In base 13, what is 3 - 87?
-84
In base 9, what is 101 - 2?
88
In base 10, what is 15 + -374?
-359
In base 8, what is -2477 - 12?
-2511
In base 13, what is 1a50 - -5?
1a55
In base 14, what is 127 + -b?
11a
In base 14, what is 1c2 - 4?
1bc
In base 3, what is -12 - 20021?
-20110
In base 13, what is -5 - -b0?
a8
In base 5, what is 3220 + 121?
3341
In base 7, what is -2016 + 5?
-2011
In base 6, what is 24 + 155?
223
In base 5, what is 1031 - 10?
1021
In base 6, what is -5531 - 41?
-10012
In base 7, what is 3 - 15?
-12
In base 15, what is -7 - -215?
20d
In base 2, what is 10 + -11010010?
-11010000
In base 10, what is -1015 + 4?
-1011
In base 13, what is -47 - -1?
-46
In base 5, what is -13333 + 10?
-13323
In base 3, what is 10102 + 101?
10210
In base 3, what is 11 - 20000?
-12212
In base 7, what is -1556 - -4?
-1552
In base 15, what is -8d + 2?
-8b
In base 6, what is 122